 (3/(-2))/(6/(-4)). Suppose -5 = -2*r - f. Suppose -y = 3*x - 17, -7*y + r = x - 3*y. What is the units digit of x?
6
Let d(s) = -23*s - 9. What is the units digit of d(-5)?
6
Let n(c) = -c**3 + 4*c**2 + 2*c - 4. Let g be n(4). Suppose -2*x - 30 = -g*a, -x - 4*x = -15. What is the units digit of a?
9
Let m = -9 - -13. Suppose 3*h - m*i = 22, -h + 3*i = h - 16. What is the units digit of (-3)/(-2) - (-1)/h?
2
Suppose -5 - 5 = 2*o, -2*d + 5*o + 553 = 0. What is the tens digit of d?
6
Let h(m) = 2*m**2 - 2*m. Let u be h(-2). Suppose -u = -x + 9. Let v = x - 12. What is the units digit of v?
9
Suppose 4*f - 20 = 4. Suppose 0 = -r + f + 15. Let y = r - 10. What is the tens digit of y?
1
Let n = -71 - -178. What is the units digit of n?
7
What is the units digit of -2*29/(-2) - -2?
1
Suppose o - 15 = -2*o. Let j = 0 + o. What is the units digit of j?
5
Let i be 34/8 - 5/20. What is the units digit of (-45)/(-2) - 2/i?
2
Let b = 44 - 28. What is the tens digit of b?
1
What is the hundreds digit of 193 + 9/(27/6)?
1
Suppose 2*d = -0*d. Suppose d = 4*m - 26 - 22. What is the units digit of m?
2
Suppose 5*b - 120 = -3*m + 5*m, 3*m + 115 = 5*b. What is the units digit of b?
6
Let m(g) = 9*g**2 + 5*g - 2. What is the tens digit of m(3)?
9
Let j(d) = -3*d - 6. Let f be j(5). Let q = -11 - f. Let v = 1 + q. What is the tens digit of v?
1
Let q = 200 + 44. Suppose 2*j = -5*v + q, -j = 4*v - 238 + 41. Suppose 0 = -3*n + 15, 6*h - v = h - n. What is the units digit of h?
9
Let o be (-26)/(3/(-6)*-4). Let f = 18 + o. What is the units digit of (f - 2) + 1 + 2?
6
Suppose -10 + 3 = -c. Let l = c - 3. Suppose -a + l = -0*a. What is the units digit of a?
4
Let x(s) = -s + 4. Suppose -2*n = -6*n. Let i be x(n). Suppose 3*o - i - 4 = -h, -5*o + 2*h = -28. What is the units digit of o?
4
Let m(i) = -3*i**3 + 3*i**2 + 2*i - 1. Let s(n) = -n**3 - n**2 - n + 1. Let r(l) = m(l) - 2*s(l). What is the units digit of r(5)?
7
Let s = -35 + 43. What is the units digit of s?
8
Suppose -3*i - 5 = -4*i + 5*z, -5*z = 2*i + 5. Let j = i + 4. What is the units digit of j?
4
Let l be (-12 + -2)*35/10. What is the tens digit of (-4)/(-7) - 707/l?
1
Suppose 5 + 95 = 3*n - 5*g, -5*n - 3*g = -144. What is the units digit of n?
0
Let o(n) = 34*n**3 - 1. Let x be o(1). Let h = x + -20. What is the units digit of h?
3
Let f(v) be the first derivative of 3*v**4/4 + v**3/3 - v**2/2 + v + 1. Let t be f(1). What is the units digit of ((-8)/12)/(t/(-66))?
1
Let i(a) = a**3 - 5*a**2 + 2*a - 3. Let t be i(5). Suppose -2*w = t + 7. What is the units digit of (-2)/(-7) - 19/w?
3
Let s(k) = -2*k**3 + k**2 + 13*k - 9. Let t(g) = -g**3 + 6*g - 4. Let i(j) = 4*s(j) - 9*t(j). What is the units digit of i(-4)?
8
Let a = 0 - 6. What is the units digit of (44/a)/(6/(-9))?
1
Suppose 4*s - 4 = -4*j, 3*j = 5*s + 2*j + 1. Suppose -2*i = 5*v + 7, s + 15 = -5*v. Let d = 9 + i. What is the tens digit of d?
1
Suppose 5*x + 2*u = 3*u + 4, -12 = 4*x + 3*u. Suppose 4*g - 2 - 10 = x. Suppose -3*y - g*h = 2*y - 35, -3*y + 17 = h. What is the units digit of y?
4
Suppose 5*g - 3*g + s - 387 = 0, -5*g + 960 = 4*s. What is the units digit of g?
6
Suppose 10*o + 323 = 913. What is the tens digit of o?
5
Let a = -5 + 4. Let l be 17*a + -1*2. What is the units digit of 4/14 - l/7?
3
Let s be (-4)/10 - 78/5. What is the units digit of (-1)/(-3) + s/(-6)?
3
Let x(m) = -m + 3. Let j be x(0). Suppose -5*v + 15 = -3*t, -j*t - 5*v = t + 55. Let q = t + 17. What is the units digit of q?
7
Let a(n) = n**3 - n**2 - 2*n - 1. Let x be a(-2). Let q be x*(8/(-6) + 0). Suppose -4*b + q = -b. What is the units digit of b?
4
Suppose 58 + 17 = -5*t. Let c be 51/t - (-2)/5. What is the units digit of 6/4*(-2)/c?
1
Suppose 4*v + 2*y - 1182 = 0, -5*y = -3*v + 187 + 706. What is the tens digit of v?
9
Let i be ((-2)/(-4))/(1/(-106)). Let o = -26 - i. What is the units digit of o?
7
Suppose 0 = 5*u + o - 22, 0 = -u - o + 6. Let p = u - -3. What is the units digit of p?
7
Suppose -4*y - 2 = -b, 3*b + 2*y - 17 = 3*y. Suppose -6 - b = 3*n. Let m = n - -6. What is the units digit of m?
2
Let n(v) = -v - 7. Let c be n(-7). Suppose -4*q + 3 + 1 = c. What is the units digit of q?
1
Let d be (-1)/(-3) - 22/(-6). Suppose 3*w + 14 = -1, -25 = -5*p + 3*w. Let m = d + p. What is the units digit of m?
6
Let t(s) = s + 9. Let r be t(-7). What is the units digit of (-2)/((-4)/r) - -41?
2
Let j = 7 - 4. Suppose -l = -5*i - 9 - 16, 4*l + 2*i = 56. Suppose 0 = -6*u + j*u + l. What is the units digit of u?
5
Suppose -3*g + 31 = -8. What is the units digit of g?
3
Suppose -18 = 4*v + 10. Let h = -9 - v. What is the units digit of 460/36 - h/9?
3
Suppose 0 = 2*r + 5*t - 267, -2*t + 76 = -r + 223. What is the units digit of r?
1
Suppose 2*t - 24 = -5*x + 4, -x - 25 = -3*t. Suppose 0 = 4*j - n - t, 5*j + 2*n - 11 = -3. What is the units digit of 1 + 0 - (-9 + j)?
8
Let n be (-10)/3*6/(-5). Suppose -8 = -4*x + k + 6, -x = -n*k + 4. What is the units digit of ((-3)/3)/((-1)/x)?
4
Let q(t) be the second derivative of 6*t**5/5 - 2*t. What is the tens digit of q(1)?
2
Let f = 19 - 13. Suppose 5*c + 14 = f*c. Suppose -69 = -5*t - c. What is the units digit of t?
1
Let i(m) = -2*m. Let s(n) = n - 7. Suppose u = 5*a - 2, 3*u + 2 = 5*a - 4. Let y be s(a). What is the units digit of i(y)?
4
Suppose -15*k - 5*u = -16*k + 118, -k + 142 = u. What is the units digit of k?
8
Let x(u) = -u**3. Let h(s) = 3*s**3 - 6*s**2 - 3*s - 4. Let r(f) = -h(f) - 4*x(f). What is the tens digit of r(-4)?
2
What is the units digit of (-3)/(-18) - 442/(-12)?
7
Suppose 0 = 6*v - 9*v + 45. What is the units digit of v?
5
Suppose 3*v - 148 = -5*p + 290, -4*v + 91 = p. What is the units digit of p?
7
Suppose 5*j + 6*g - 2*g = 60, -3*j + 39 = 3*g. What is the units digit of -2*j*7/(-14)?
8
Let x be (-1)/(-3) - 8/(-12). Suppose 7*g + 4*a - 5 = 2*g, g - 2*a = 1. Let o = g + x. What is the units digit of o?
2
Let t be -8*((-15)/(-6))/(-5). What is the units digit of t/14 - 131/(-7)?
9
What is the units digit of 4 + 0 + 0 + 2?
6
Let a(y) = 2*y**3 + y**2. Suppose 0 = 2*z + 2*j + 3*j, 0 = z + 2*j + 1. Let k = -4 - z. What is the units digit of a(k)?
3
Let u be ((-96)/(-1 + -2))/2. Suppose t + 5 = u. What is the tens digit of t?
1
Let p be 2/(-7) + (-46)/(-14). Suppose -n - 2*d = p*n - 100, 5*n = -2*d + 123. Suppose n = 4*s - 9. What is the units digit of s?
8
Suppose -3*d = 5*y - 29, -5*d + 0*y = -2*y - 100. Suppose 4*b = 2*b + d. What is the units digit of b?
9
Let a be (-1 - 1) + 14/2. Let z(x) = -4*x**2 + 2*x - 12. Let l(r) = r**2 + r. Let c(w) = a*l(w) + z(w). What is the units digit of c(-9)?
6
What is the tens digit of (-5)/(-5) - 60/(-1)?
6
Let f(g) = g**2 + g - 1. Let p be f(-3). Suppose 0 - 10 = -p*q. Suppose -3*l - 13 = -6*l - q*m, -5 = -2*l - 5*m. What is the units digit of l?
5
Let i(x) = -x**3 - 5*x**2 - x + 3. What is the units digit of i(-5)?
8
Let x be 2/(-4) + (-74)/(-4). Let j be 3*(1 - 3)/12*20. Let m = j + x. What is the units digit of m?
8
Suppose 0 = 2*f + 38 + 28. Let c = -20 - f. What is the tens digit of c?
1
Let l(b) = 3*b**3 - 4*b**2 + 6*b - 3. What is the hundreds digit of l(4)?
1
Let a(d) = -2*d**3 + 3*d**2 - 6*d + 3. Let i(m) = -2*m**3 + 2*m**2 - 7*m + 3. Let s(j) = -3*a(j) + 2*i(j). What is the units digit of s(3)?
8
Suppose -3*y + 4*y - 3 = 0. Suppose -c + 160 = y*c. Suppose 5*b = 15 + c. What is the tens digit of b?
1
Suppose -8*s = -3*s - 15. Suppose -2*u - 5 = -v + 3, 3*v - s*u - 36 = 0. What is the tens digit of v?
1
Let l(n) = -28*n - 4. What is the tens digit of l(-2)?
5
Let w = 116 + -71. What is the units digit of w?
5
Suppose -3*b = -4*m - 57, 5 = -5*b - 3*m + 129. What is the units digit of b?
3
Let p be (0 - -2) + (-2)/(-2). Let g(f) = f - 2 + 0 - p - 2. What is the units digit of g(11)?
4
Let l(g) = g - 4. Let r be l(9). Suppose 2*f = r*f + h - 32, -16 = -f + h. What is the units digit of f?
2
Suppose 50*t - 59*t + 585 = 0. What is the units digit of t?
5
What is the hundreds digit of 0 + 1 - (-161 - -29)?
1
Let b(t) = -t**3 + 17*t**2 - 20*t - 17. What is the tens digit of b(15)?
3
Let a = 164 - 90. What is the tens digit of a?
7
Let p(w) = 3*w**3 + 2*w**2 - w + 4. What is the units digit of p(2)?
4
Let p(v) = -33*v + 16*v + 18*v + 6. Suppose -4*k = 11 + 1. What is 